{"id":10709,"date":"2014-11-19T15:14:03","date_gmt":"2014-11-19T15:14:03","guid":{"rendered":"http:\/\/avada.theme-fusion.comxml\/?page_id=10709"},"modified":"2020-10-19T10:29:52","modified_gmt":"2020-10-19T10:29:52","slug":"home-3","status":"publish","type":"page","link":"https:\/\/www.dentallabor-schoetz.de\/","title":{"rendered":"Home"},"content":{"rendered":"<p><div class=\"fusion-fullwidth fullwidth-box fusion-builder-row-1 hundred-percent-fullwidth non-hundred-percent-height-scrolling\" style=\"background-color: #6d6e71;background-position: left top;background-repeat: repeat;padding-top:0px;padding-right:0px;padding-bottom:0px;padding-left:0px;margin-bottom: 0px;margin-top: 0px;border-width: 0px 0px 0px 0px;border-color:#eae9e9;border-style:solid;\" ><div class=\"fusion-builder-row fusion-row\"><div class=\"fusion-layout-column fusion_builder_column fusion-builder-column-0 fusion_builder_column_1_1 1_1 fusion-one-full fusion-column-first fusion-column-last fusion-column-no-min-height\" style=\"margin-top:0px;margin-bottom:0px;\"><div class=\"fusion-column-wrapper fusion-flex-column-wrapper-legacy\" style=\"background-position:left top;background-repeat:no-repeat;-webkit-background-size:cover;-moz-background-size:cover;-o-background-size:cover;background-size:cover;padding: 0px 0px 0px 0px;\"><div class=\"imageframe-align-center\"><span class=\" fusion-imageframe imageframe-dropshadow imageframe-1 hover-type-none\" style=\"-webkit-box-shadow: 3px 3px 7px rgba(0,0,0,0.3);box-shadow: 3px 3px 7px rgba(0,0,0,0.3);\"><a class=\"fusion-no-lightbox\" href=\"http:\/\/themeforest.net\/item\/avada-responsive-multipurpose-theme\/2833226?ref=ThemeFusion\" target=\"_blank\" aria-label=\"team-startseite-02\" rel=\"noopener noreferrer\"><img decoding=\"async\" width=\"1200\" height=\"510\" src=\"https:\/\/www.dentallabor-schoetz.de\/wp-content\/uploads\/2020\/10\/team-startseite-02.jpg\" class=\"img-responsive wp-image-12267\" srcset=\"https:\/\/www.dentallabor-schoetz.de\/wp-content\/uploads\/2020\/10\/team-startseite-02-200x85.jpg 200w, https:\/\/www.dentallabor-schoetz.de\/wp-content\/uploads\/2020\/10\/team-startseite-02-400x170.jpg 400w, https:\/\/www.dentallabor-schoetz.de\/wp-content\/uploads\/2020\/10\/team-startseite-02-600x255.jpg 600w, https:\/\/www.dentallabor-schoetz.de\/wp-content\/uploads\/2020\/10\/team-startseite-02-800x340.jpg 800w, https:\/\/www.dentallabor-schoetz.de\/wp-content\/uploads\/2020\/10\/team-startseite-02.jpg 1200w\" sizes=\"(max-width: 800px) 100vw, 1200px\" \/><\/a><\/span><\/div><div class=\"fusion-clearfix\"><\/div><\/div><\/div><\/div><\/div><div class=\"fusion-fullwidth fullwidth-box fusion-builder-row-2 nonhundred-percent-fullwidth non-hundred-percent-height-scrolling\" style=\"background-color: #6d6e71;background-position: left top;background-repeat: no-repeat;padding-top:60px;padding-right:0px;padding-bottom:0px;padding-left:0px;margin-bottom: 0px;margin-top: 0px;border-width: 0px 0px 0px 0px;border-color:#eae9e9;border-style:solid;\" ><div class=\"fusion-builder-row fusion-row\"><div class=\"fusion-layout-column fusion_builder_column fusion-builder-column-1 fusion_builder_column_1_1 1_1 fusion-one-full fusion-column-first fusion-column-last fusion-column-no-min-height\" style=\"margin-top:0px;margin-bottom:0px;\"><div class=\"fusion-column-wrapper fusion-flex-column-wrapper-legacy\" style=\"background-position:left top;background-repeat:no-repeat;-webkit-background-size:cover;-moz-background-size:cover;-o-background-size:cover;background-size:cover;padding: 0px 0px 0px 0px;\"><style type=\"text\/css\"><\/style><div class=\"fusion-title title fusion-title-1 fusion-sep-none fusion-title-center fusion-title-text fusion-title-size-one\" style=\"margin-top:0px;margin-right:0px;margin-bottom:30px;margin-left:0px;\"><h1 class=\"title-heading-center fusion-responsive-typography-calculated\" style=\"margin:0;--fontSize:30;line-height:1.45;\"><h2 style=\"text-align: center;\">Willkommen im Dentallabor Sch\u00f6tz in Cottbus.<\/h2><\/h1><\/div><div class=\"fusion-clearfix\"><\/div><\/div><\/div><div class=\"fusion-layout-column fusion_builder_column fusion-builder-column-2 fusion_builder_column_1_1 1_1 fusion-one-full fusion-column-first fusion-column-last fusion-column-no-min-height\" style=\"margin-top:0px;margin-bottom:0px;\"><div class=\"fusion-column-wrapper fusion-flex-column-wrapper-legacy\" style=\"background-position:left top;background-repeat:no-repeat;-webkit-background-size:cover;-moz-background-size:cover;-o-background-size:cover;background-size:cover;padding: 0px 0px 0px 0px;\"><div class=\"fusion-text fusion-text-1\"><p style=\"text-align: center;\">Unser Dentallabor lebt und pflegt eine sehr enge partnerschaftliche Zusammenarbeit mit seinen Kunden.<\/p>\n<p style=\"text-align: center;\">Ziel unserer gemeinsamer Bem\u00fchungen und unserer Arbeit ist die Fertigung eines \u00fcberdurchschnittlichen Qualit\u00e4tsproduktes, dass gleichzeitig in einem sehr guten Preis-Leistungsverh\u00e4ltnis (mittleres Preissegment) steht.\u00a0Zur Realisierung dieses Zieles setzen wir auf den Einsatz modernster Technik (u.a. CAD\/CAM, Implantate und Lasertechnik) sowie hochqualifizierter und motivierter Mitarbeiter.<\/p>\n<p style=\"text-align: center;\">Grundlegende Voraussetzungen stellen dar\u00fcber hinaus ein exklusiver Kundenservice, innovative Ideen, gute Arbeitsbedingungen und eine hohe Mitarbeiterzufriedenheit dar.\u00a0Zur St\u00e4rkung des Vertrauens gegen\u00fcber Kunden, Mitarbeitern und Patienten tr\u00e4gt ein hohes Ma\u00df an Transparenz innerhalb und au\u00dferhalb des Unternehmens entscheidend bei.<\/p>\n<p style=\"text-align: center;\">Wir setzen auf die Spezialisierung unserer Techniker in den jeweiligen Fachbereichen, wie Kronen \u2013 und Br\u00fcckentechnik, Teleskoptechnik, CAD\/CAM Technik, Modellgu\u00dftechnik, Teil \u2013 und Totalprothetik, Schienentechnik u.a.<\/p>\n<p style=\"text-align: center;\">Wir sind davon \u00fcberzeugt, dass nur durch diese Arbeitsteilung das beste Produkt in effizienter Weise gefertigt werden kann. Als Laborleiter achte ich jedoch auch darauf, dass die Schnittstellen zwischen den einzelnen Bereichen reibungslos ineinander flie\u00dfen und klar definiert sind und jeder Zahntechniker die Fertigkeiten der anderen Bereiche gut beherrscht und kontinuierlich verbessert. In Zeiten des stetig wachsenden Fachkr\u00e4ftemangels stellt diese Flexibilit\u00e4t der Mitarbeiter die gr\u00f6\u00dfte Herausforderung f\u00fcr uns im Laboralltag dar.<\/p>\n<\/div><div class=\"fusion-clearfix\"><\/div><\/div><\/div><\/div><\/div><\/p>\n","protected":false},"excerpt":{"rendered":"","protected":false},"author":3,"featured_media":0,"parent":0,"menu_order":0,"comment_status":"closed","ping_status":"closed","template":"100-width.php","meta":{"footnotes":""},"class_list":["post-10709","page","type-page","status-publish","hentry"],"_links":{"self":[{"href":"https:\/\/www.dentallabor-schoetz.de\/index.php\/wp-json\/wp\/v2\/pages\/10709","targetHints":{"allow":["GET"]}}],"collection":[{"href":"https:\/\/www.dentallabor-schoetz.de\/index.php\/wp-json\/wp\/v2\/pages"}],"about":[{"href":"https:\/\/www.dentallabor-schoetz.de\/index.php\/wp-json\/wp\/v2\/types\/page"}],"author":[{"embeddable":true,"href":"https:\/\/www.dentallabor-schoetz.de\/index.php\/wp-json\/wp\/v2\/users\/3"}],"replies":[{"embeddable":true,"href":"https:\/\/www.dentallabor-schoetz.de\/index.php\/wp-json\/wp\/v2\/comments?post=10709"}],"version-history":[{"count":81,"href":"https:\/\/www.dentallabor-schoetz.de\/index.php\/wp-json\/wp\/v2\/pages\/10709\/revisions"}],"predecessor-version":[{"id":12269,"href":"https:\/\/www.dentallabor-schoetz.de\/index.php\/wp-json\/wp\/v2\/pages\/10709\/revisions\/12269"}],"wp:attachment":[{"href":"https:\/\/www.dentallabor-schoetz.de\/index.php\/wp-json\/wp\/v2\/media?parent=10709"}],"curies":[{"name":"wp","href":"https:\/\/api.w.org\/{rel}","templated":true}]}}